*2 - 4*l - 60. Let j(w) = 17*w**2 - 10*w - 121. Let r(k) = -2*j(k) + 5*v(k). Determine r(7).
-9
Let i(u) = -4*u - 20. Let d be i(-6). Let s be 10 + (-5)/(5/d). Let f(k) = 3*k - 1 - s*k - 6*k**2 + 2*k. Determine f(-1).
-6
Let u(s) = 8*s**2 - 7*s + 14. Let h(p) = 7*p**2 - 4*p + 18. Let i(j) = 7*h(j) - 6*u(j). Determine i(-7).
-7
Let q(u) = -4*u**2 + 28*u - 18. Let w(h) = 7*h**2 - 54*h + 47. Let i(f) = 5*q(f) + 3*w(f). Determine i(20).
11
Suppose 2*s + 1 = 19. Let c(g) be the third derivative of -58*g**2 + 1/24*g**4 - 2*g**3 + 0*g + 0. Calculate c(s).
-3
Let y = 322 + -180. Let l = 141 - y. Let s(b) = -24*b. What is s(l)?
24
Let c(k) be the second derivative of -k**6/60 + k**5/40 - k**4/24 + 13*k**3/2 + 29*k. Let w(o) be the second derivative of c(o). Give w(2).
-19
Let d(l) = -l**3 + l**2 + l. Suppose -48 = -3*c - 5*w, -4*c + 67 = -3*w - 26. Suppose 15 = -6*i + c. Determine d(i).
1
Let q(k) = 2*k**3 - 9*k**2 + 22. Let b(l) = 10*l**3 - 44*l**2 + 111. Let n(o) = 2*b(o) - 11*q(o). Give n(5).
5
Let v(k) be the second derivative of -k**4/12 - 8*k**3/3 + 69*k**2 + 216*k + 10. Calculate v(-22).
6
Let p be 4 + (-5 - -4 - 4) - 2. Suppose 4*i - 2*i + 4*t = -20, -4*i - 10 = 2*t. Let m(s) = -10 + i*s**2 + 6 - 7*s - s**2. Calculate m(p).
8
Let x(h) = h + 18. Suppose -45 = -30*v + 33*v. Let j be x(v). Let z(d) = -415*d - j - 1 + 414*d. Calculate z(-2).
-2
Let i(g) = g**3 + 8*g**2 - 22*g - 25. Let s be i(-10). Let a(z) = -8*z - 25. What is a(s)?
15
Let x(g) = -5*g**2 - 63*g + 6. Let t(m) = -6*m**2 - 75*m + 6. Let b(q) = 6*t(q) - 7*x(q). Suppose 1 = -2*s - 17. Calculate b(s).
-6
Let f(c) be the third derivative of -3*c**2 - 7/12*c**4 + 0*c - 1/15*c**5 + 20 + 1/120*c**6 + 7/6*c**3. Give f(6).
-5
Let v(h) = 250*h + 6. Let k(u) = -138*u - 3. Let q(m) = 7*k(m) + 4*v(m). Give q(-1).
-31
Let x be (6/(-4))/(12/24). Let b be ((-1092)/130)/(x/20). Let k = b + -60. Let s(u) = -2*u**2 - 4*u + 1. Calculate s(k).
-15
Let y(q) = -q**3 - 4*q**2 + 7*q - 2. Let z(i) = 16 + 16*i**2 + i**2 - 2*i**3 - 11*i + i**3 - 6*i. Let x be z(16). Suppose o - 12*o - 55 = x. Give y(o).
-12
Let a(i) = -25*i**3 + 2*i**2 - 1. Let f(q) = -q - 2. Let x be f(-1). Let o be a(x). Let y(s) = 4*s**2 + 6 - o + 12 + 4*s - 3*s**2. What is y(-7)?
13
Let o(i) = 2*i**2 + 6*i + 5. Let k = 58 - 53. Suppose -6*d = -23 + k. Suppose -5*x + 2*x = a - 11, 0 = d*a + 4*x - 8. Calculate o(a).
13
Let q = 5 - 12. Let h = 515 - 349. Let d(f) = h*f**3 - 6*f - 83*f**3 - 82*f**3 + 6*f**2 + 1. Determine d(q).
-6
Let a(m) = -2*m + 6. Let f be a(4). Let l(z) be the third derivative of -z**4/6 + z**3/6 + 174*z**2 + 23*z + 1. Calculate l(f).
9
Let i(v) = v**3 - 25*v**2 + 25*v - 26. Let n be i(24). Let p(q) = q - 1. Determine p(n).
-3
Let q(a) = -2*a**2 - 14*a - 2. Let d be (-4)/(-30) - ((-42456)/(-180))/29. Calculate q(d).
-18
Suppose -54*p - 409 = 23. Let y(d) = -5*d**2 - 21 + 10 - 9*d - 4*d**2 + d - d**3. Calculate y(p).
-11
Let k(o) be the first derivative of o**2/2 - o - 12. Suppose 0 = 2*w + 4*f - 34, -36*w - f = -41*w + 30. Determine k(w).
6
Let b(p) = -p**2 - 11*p + 246. Let x be b(-22). Let i be 2/20*x - (-256)/(-40). Let c(t) = 10 - 3 + 2*t - t. Calculate c(i).
1
Let a(k) = -2*k**3 + k - 1. Let b(m) = 2*m**3 - 16*m**2 + 17*m - 20. Let s(q) = -16*q + 87. Let f be s(5). Let n be b(f). What is a(n)?
-2
Let n(w) = 2*w + 12. Let z(k) = k + 1. Let g(u) = 4*u - 4. Let a(v) = -g(v) + 3*z(v). Let o be a(15). Give n(o).
-4
Let x(j) be the second derivative of j**4/12 + 13*j**3/6 + j**2 - 2*j. Let i(v) = 2*v + 135. Let z be i(-74). Give x(z).
2
Let j(u) = 7*u - 58. Let v(p) = 2*p - 29. Let y(i) = 2*j(i) - 5*v(i). Let w(s) = 2*s + 16. Let t(k) = 5*w(k) - 3*y(k). What is t(-6)?
5
Suppose 3*u + 16 = 25. Suppose -3*m - 3 = 0, u*m = 5*w + 8*m - 50. Let a(f) = f**3 - 10*f**2 - 11*f + 9. Give a(w).
9
Let y(a) = 16*a - 48. Let b = -11790 + 11793. What is y(b)?
0
Let v(y) = y - 1. Let h be 60/75*5*18. Suppose -h = -192*p + 180*p. Calculate v(p).
5
Let f be (684/(-90))/(1/(-5)). Suppose -8*r - 11*r = f. Let q(x) = -x**2 - 3*x - 2. What is q(r)?
0
Suppose -7 = -3*g - k + 5*k, 0 = -4*g - 2*k + 24. Suppose 0 = y - 5*a - 19, 4*a + 42 + 8 = -g*y. Let d(o) = 3*o + 1. Determine d(y).
-17
Let j(q) be the first derivative of -4*q**2 - 23*q + 963. Determine j(-4).
9
Let d(p) = 32*p - 194. Let k = -27956 - -27962. What is d(k)?
-2
Let g(d) = 8*d - 30. Let k(b) = 11*b + 3. Let y(i) = g(i) - 2*k(i). Give y(-3).
6
Suppose 2*b - 92 = -0*f + 2*f, -148 = -4*b - 5*f. Let q(g) = -3*g**2 + 62*g + 28. Let i be q(21). Let l(j) = -i + 47*j - b*j + 9. What is l(3)?
17
Let f be (-4 - -2) + 3 - -4. Let g(d) = -d**2 + 3*d. Calculate g(f).
-10
Let u(r) be the third derivative of r**4/4 + 119*r**3/6 - 84*r**2 + 2*r. Determine u(-20).
-1
Let r(l) = l**3 - l**2 - 8*l - 4. Let o(d) = 2*d**2 + 2*d + 1. Let w(q) = -5*o(q) - r(q). Give w(-7).
-85
Suppose 3*q + 4*p = 3, 15*q - 2*p + 33 = 20*q. Let g(a) = a**3 - 11*a**2 + 17*a - 13. What is g(q)?
-22
Suppose 4*t = -0*t + 2*z - 14, 5*t - z = -19. Let i = -82 - -86. Let w(d) = 2 + 5*d**2 + i*d - 1421*d**3 - 6 + 1422*d**3. Calculate w(t).
-4
Let f(a) be the second derivative of a**4/4 - 7*a**3 - a**2 + 407*a + 3. Determine f(14).
-2
Let y(n) be the second derivative of -23*n**3/6 - n**2/2 + 251*n. Let w(m) = -m + 7. Let a be w(6). Calculate y(a).
-24
Let g(h) = -11*h - 17. Let b(d) = 4*d + 6. Let j(v) = -8*b(v) - 3*g(v). Let k(p) = 0 - 7 + 9 + p. Let x(m) = 4*j(m) - 3*k(m). Determine x(-7).
-1
Let o(k) = -2*k - 28. Let i be o(-15). Suppose 5*d = -i*p + 24, 4*p - 24 = -0*p - 4*d. Let v(t) = 3 - 59*t**2 + t**3 + 10*t + 2 + 70*t**p. What is v(-10)?
5
Suppose 5*q + 5*n = -5, 4*n + 48 - 36 = 0. Let z(x) be the first derivative of 2*x**2 + x - 1. Determine z(q).
9
Suppose -z + 1412 = 5*k - 112, z = 2*k - 611. Let m = k - 311. Let v(u) = -3*u + 1. Let w(i) = -2*i + 1. Let h(d) = -5*v(d) + 7*w(d). Determine h(m).
-4
Let c(i) = 85 + 75 + 84 + 75 + 2*i + 2*i**2 - 311. What is c(4)?
48
Let a(y) = 2*y**3 - 16*y**2 - 41*y + 7. Let m be a(10). Let o(u) = -u**3 + u**2 - 4. Determine o(m).
32
Let n(l) be the first derivative of -l**4/4 + 14*l**3/3 - l**2/2 + 14*l - 1653. Calculate n(14).
0
Let q(o) = -o**3 + 4*o**2 + 3*o + 15. Let f(b) = -9*b**2 - 83*b - 82. Let m be f(-8). What is q(m)?
-39
Let n(u) be the first derivative of -3/2*u**2 - 2*u + 1/4*u**4 - 255 - 5/3*u**3. Determine n(6).
16
Let d(y) = y. Suppose -2*z + 7*z = 4*l + 11, 3*z - 2*l = 5. Let o be (-3 - (-1 - z)) + 6 + -1. Suppose 2*f - o = -14. What is d(f)?
-6
Let m(v) = -2*v**3 + 30*v**2 + 35. Let a be m(15). Let j(l) = -l**2 + 38*l - 111. Let y be j(a). Let h(q) = 4*q - 6 - 5*q + 0*q. Calculate h(y).
0
Let p be 9*(50/90)/((-45)/(-27)). Let g(r) = -6*r**3 + 4*r**2 + 11*r - 10. Let y(w) = 5*w**3 - 3*w**2 - 10*w + 9. Let l(h) = -6*g(h) - 7*y(h). Calculate l(p).
9
Suppose 3*d + j + 24 = 5, -5*d + 2*j = 28. Let y(p) = 31*p + 22. Let x be y(-2). Let c be (1 - d/(-4))*(x + 46). Let i(f) = -3*f**2 - 2*f + 2. Calculate i(c).
-19
Let u(q) = q**2 + 4*q - 14. Suppose -58*o - 42 + 43 = -115. Calculate u(o).
-2
Let i(f) = -f**2 - 3*f + 4. Let j be i(-4). Let z(b) be the second derivative of b**4/12 - 23*b**2/2 - 96170*b. Calculate z(j).
-23
Let m(t) = -t**3 - 4*t**2 - 5*t - 4. Let a be m(-3). Let y(k) = -4*k - 303. Let r(w) = -5*w - 404. Let c(f) = -3*r(f) + 4*y(f). Give c(a).
-2
Let a(h) = 6*h - 3. Let z be (-664)/(-48) - (-3)/18. Suppose -z*p - 3*p + 68 = 0. Calculate a(p).
21
Suppose -326*x = -332*x - 36. Let z(w) be the third derivative of -w**5/60 - w**4/2 - 4*w**3/3 + 3*w**2. What is z(x)?
28
Let l(g) = -10*g - 31. Suppose 0 = -11*x + 18*x + 12 + 16. Determine l(x).
9
Let s be ((-4)/(-22))/(19 + (-5200)/275). Let r(z) = 11*z**2 + 2*z - 9. Calculate r(s).
39
Let r(h) = -5*h + 43. Let f be r(20). Let q = -55 - f. Let j(k) = 2*k + 4*k**q - 2*k + k + 0*k**2 + 2. What is j(2)?
20
Suppose 8*t - 160 = -8*t. Let s be t*1 - (0 + (0 - -1)). Let n(d) = -d**2 + 8*d + 5. Determine n(s).
-4
Let w(z) = z**2 - z - 2. Suppose -4*d = -2*m + 326, -2*m - 5*d + 161 = -183. Let i = m - 171. What is w(i)?
18
Let f(k) = 1 + 5*k + k - 6*k + 2*k. Suppose 0 = -4*t - 3*d + 22, -2*d - 40 = -4*t - 8. Suppose 4*b = t*b + 9. Determine f(b).
-5
Let r(z) = 28*z + 11*z - 5*z + 244 + 14*z. Calculate r(-5).
4
Let p(w) = 3